is h(-2)?
-37
Let z(m) = -m**3 - 591*m**2 - 7527*m - 70. Give z(-13).
99
Let f(x) = -16861*x - 101178. Determine f(-6).
-12
Let f(g) = 6*g**2 - 1562*g + 8165. What is f(255)?
5
Let o(s) = -12*s**2 + 4582*s + 46995. Determine o(-10).
-25
Let j(r) = 6043*r - 9777. Calculate j(2).
2309
Let b(x) = -100235*x - 108. Determine b(0).
-108
Let b(d) = -10*d**3 + 14*d**2 + 108*d + 146. Give b(-4).
578
Let s(v) = v**3 + 26*v**2 - 1614*v - 1012. Determine s(-55).
33
Let h(c) = -94*c**2 - 1187*c - 696. Give h(-12).
12
Let m(p) = 1033*p + 50916. Calculate m(-50).
-734
Let v(o) = o**3 + 209*o**2 - 9960*o + 9. Give v(-249).
9
Let h(k) = 11*k**3 - 230*k**2 - 11677*k + 244774. What is h(21)?
-2
Let w(m) = 2*m**3 + 73*m**2 + 670*m + 86. Calculate w(-17).
-33
Let d(o) = -156*o**2 - 1273*o - 2028. Give d(-6).
-6
Let o(g) = -27*g**3 - 25*g**2 + 34*g + 135. What is o(-4)?
1327
Let r(k) = k**3 + 23*k**2 + 122*k + 1572. Give r(-21).
-108
Let y(s) = -44*s**2 - 7*s + 1068. What is y(11)?
-4333
Let d(z) = -6774*z - 75008. What is d(-11)?
-494
Let v(f) = -142*f**3 + 574*f**2 + 35*f - 251. Determine v(4).
-15
Let u(r) = r**2 - 867*r - 35424. What is u(-39)?
-90
Let y(p) = p**3 + 16*p**2 + 14646*p + 249272. Calculate y(-17).
1
Let u(t) = 3*t**2 - 387*t - 2740. Calculate u(-7).
116
Let z(f) = -4*f**2 + 2864*f + 80258. Give z(743).
14
Let o(d) = -14267*d + 631. Calculate o(0).
631
Let u(q) = 13*q**2 - 802*q + 2260. Give u(3).
-29
Let s(c) = c**3 + 24*c**2 - 39*c - 250. Give s(-9).
1316
Let g(o) = -2865*o + 16600. What is g(4)?
5140
Let n(w) = w**2 - 936*w + 16548. Calculate n(18).
24
Let x(a) = -2*a**3 - 855*a**2 + 6091*a - 20. Calculate x(7).
36
Let o(t) = -6*t**3 + 191*t**2 + 10*t - 73. What is o(32)?
-777
Let m(b) = b**3 - 97*b**2 + 2146*b - 162. Give m(63).
90
Let w(c) = 293*c - 162. Determine w(4).
1010
Let t(i) = 4486*i + 18016. What is t(-4)?
72
Let i(a) = -3*a**3 + 148*a**2 - 1024*a + 56. Calculate i(41).
97
Let q(z) = 39127*z - 11581595. Calculate q(296).
-3
Let x(h) = -28*h + 254. What is x(49)?
-1118
Let c(n) = 2*n**3 + 14*n**2 - 21*n + 168. What is c(-13)?
-1587
Let a(m) = 23*m**2 + 1247*m + 16347. Calculate a(-32).
-5
Let q(b) = b**3 + 11*b**2 - 144*b - 667. Calculate q(-17).
47
Let w(a) = -a**3 - 179*a**2 - 285*a + 12244. Determine w(-177).
31
Let t(w) = 438526*w + 23241878. Calculate t(-53).
0
Let h(b) = -31163*b + 1994405. What is h(64)?
-27
Let g(n) = -2*n**3 - 2*n**2 + 100*n + 139. Give g(-10).
939
Let f(w) = 8*w**2 + 319*w - 58. Calculate f(-40).
-18
Let m(h) = 1407*h + 24148. What is m(-17)?
229
Let f(s) = 19*s**3 - 390*s**2 - 55*s - 2768. Calculate f(21).
46
Let o(y) = -y**3 + 4*y**2 - 151050*y + 453132. Give o(3).
-9
Let h(o) = -2*o**2 + 229*o - 3330. Calculate h(16).
-178
Let x(j) = 12*j**2 + 414*j - 1170. What is x(-42)?
2610
Let q(j) = -j**3 - 10*j**2 - 334*j - 5474. What is q(-14)?
-14
Let z(h) = h**2 - 147*h + 4757. Calculate z(80).
-603
Let a(f) = 8*f**2 + 331*f + 3875. Give a(-11).
1202
Let t(q) = -49*q**2 - 179*q + 222. Give t(-6).
-468
Let w(c) = -33*c**2 - 49752*c - 180480. Determine w(-1504).
0
Let g(z) = -z**3 + 106*z**2 + 18*z + 44. Determine g(0).
44
Let g(c) = -c**2 - 744*c - 120449. Determine g(-506).
-21
Let b(a) = -224*a**2 + 376*a - 913. Determine b(3).
-1801
Let t(a) = 9*a**3 + 629*a**2 - 76*a - 196. What is t(-70)?
224
Let j(s) = -636*s + 213673. Determine j(337).
-659
Let k(i) = 12*i**3 - 10*i**2 - 30*i - 79. Calculate k(-5).
-1679
Let x(i) = 13776*i - 27583. What is x(2)?
-31
Let m(c) = c**2 + 775*c - 134465. Calculate m(146).
1
Let d(a) = 309*a + 9933. Determine d(-34).
-573
Let h(b) = -4*b**2 + 8020*b - 127270. Determine h(16).
26
Let n(y) = -y**3 + 108*y**2 - 515*y. What is n(5)?
0
Let m(s) = -66339*s - 66341. Calculate m(-1).
-2
Let i(h) = 3*h**2 - 32903*h - 164589. Calculate i(-5).
1
Let q(v) = -v**3 + 516*v**2 - 4529*v - 328. What is q(9)?
-22
Let w(z) = -2*z**3 + 206*z**2 + 3016*z - 78. What is w(-13)?
-78
Let w(c) = -92916*c - 6875790. What is w(-74)?
-6
Let x(h) = -12*h**2 - 1112*h - 21730. What is x(-28)?
-2
Let a(y) = -y**3 + 148*y**2 - 318*y + 3745. What is a(146)?
-51
Let r(z) = -475*z - 163141. Calculate r(-343).
-216
Let u(g) = 437*g - 108005. Determine u(247).
-66
Let s(m) = 1434*m + 311193. Calculate s(-217).
15
Let p(t) = -2*t**2 + 6064*t - 132777. Give p(22).
-337
Let h(x) = -5*x**3 + 47*x**2 - 47*x - 22. Determine h(8).
50
Let g(c) = c**3 - 1372*c**2 + 5289*c + 727. Give g(4).
-5
Let a(r) = -2303*r - 25258. Determine a(-11).
75
Let t(k) = -12*k**2 + 11698*k - 21423. What is t(973)?
-17
Let k(x) = x**2 - 2962*x - 68613. What is k(-23)?
42
Let t(l) = 1602*l - 8060. Calculate t(5).
-50
Let p(n) = 197*n**2 + 6677*n - 705. Determine p(-34).
9
Let f(x) = -108109*x - 5189193. What is f(-48)?
39
Let d(j) = 1090*j - 89391. Give d(82).
-11
Let j(h) = 2*h**3 - 17*h**2 + 815*h - 7429. Give j(9).
-13
Let q(y) = -23*y**2 - 188*y + 1075. Calculate q(-12).
19
Let c(x) = x**3 - 32*x**2 + 99*x + 286. Calculate c(28).
-78
Let i(u) = u**2 - 15*u - 278201. Calculate i(-520).
-1
Let l(p) = -p**2 - 1727*p - 79149. What is l(-47)?
-189
Let k(l) = -27413*l - 548254. Calculate k(-20).
6
Let n(b) = 5*b**3 - b**2 - 64*b - 73. What is n(0)?
-73
Let w(z) = 25*z**2 - 10190*z - 45262. Determine w(412).
58
Let m(z) = 322188*z + 2577523. Give m(-8).
19
Let g(r) = 7072277*r + 35361380. What is g(-5)?
-5
Let v(t) = -1050*t + 4019. Give v(4).
-181
Let n(i) = -9706*i + 368808. What is n(38)?
-20
Let s(l) = -2*l**3 - 138*l**2 - 1087*l - 408. Give s(-60).
12
Let f(n) = 2*n**3 - 41*n**2 - 80*n + 1452. Calculate f(21).
213
Let z(m) = -m**3 - 12*m**2 + 139*m + 47. Give z(-21).
1097
Let v(t) = 192842*t - 4821052. Give v(25).
-2
Let g(d) = -22*d**2 + 273*d - 1445. Give g(5).
-630
Let p(j) = -j**3 + 83*j**2 - 1576*j + 20134. Give p(63).
226
Let w(u) = -11*u**2 - 113*u + 1258. What is w(-17)?
0
Let v(p) = -4*p**3 - 12*p**2 - 11922*p - 35769. What is v(-3)?
-3
Let w(t) = -39163*t + 234901. Determine w(6).
-77
Let v(f) = -39018*f - 117032. Determine v(-3).
22
Let t(y) = -538*y - 62420. Calculate t(-116).
-12
Let o(v) = 252*v**3 - 44*v**2 + 32*v + 3. Give o(1).
243
Let k(p) = p**3 + 11*p**2 - 562*p + 1563. Determine k(3).
3
Let j(l) = -290*l**2 - 44*l - 43. What is j(-1)?
-289
Let v(q) = -2*q**3 + 30*q**2 - 184*q + 204. What is v(10)?
-636
Let d(p) = -3859*p**2 + 2952135*p - 2. Calculate d(765).
-2
Let y(b) = 3931*b - 1792536. Give y(456).
0
Let x(m) = -6*m**2 + 52*m + 2178. Give x(24).
-30
Let o(i) = -16222*i - 794886. What is o(-49)?
-8
Let d(w) = 1548*w - 944254. Calculate d(610).
26
Let k(h) = 1258*h - 185456. What is k(147)?
-530
Let h(y) = 9*y**2 + 423*y + 219. Give h(-52).
2559
Let t(g) = 532467*g - 3194776. Give t(6).
26
Let k(v) = -23*v**2 + 217*v - 94. Determine k(13).
-1160
Let h(z) = -z**2 - 115*z - 1851. Give h(-40).
1149
Let h(x) = -130405*x + 18387105. Calculate h(141).
0
Let k(x) = 2*x**3 + 19*x**2 - 1736*x - 17288. Determine k(-10).
-28
Let x(q) = -2*q**3 - 77*q**2 - 735*q - 10. What is x(0)?
-10
Let l(m) = 2*m**3 + 4*m**2 + 133*m + 2267. Calculate l(-9).
-64
Let s(i) = 3518*i + 408125. Determine s(-116).
37
Let r(a) = -713*a**2 - 603880*a + 26271. Determine r(-847).
14
Let j(a) = -23*a**3 - 299*a**2 + 11*a + 261. Determine j(-13).
118
Let h(m) = 1506*m + 57239. What is h(-38)?
11
Let x(a) = -3*a**3 + 1416*a**2 - 107*a + 50502. Give x(472).
-2
Let u(a) = -a**3 + 16*a**2 + 599*a - 185. Calculate u(35).
-2495
Let i(m) = 3*m**3 - 595*m**2 + 215*m - 3359. Calculate i(198).
7
Let l(t) = t**2 + 37*t - 945. Calculate l(-59).
353
Let y(f) = -f**2 + 162*f - 4366. Calculate y(130).
-206
Let m(c) = 21135*c - 1162445. Calculate m(55).
-20
Let b(t) = -2*t**2 - 189*t + 652. Give b(-89).
1631
Let t(j) = 2*j**3 - 89*j**2 - 442*j + 4. What is t(-4)?
220
Let s(y) = 514*y**2 - 2150*y - 40242. Give s(-7).
-6
Let l(d) = -268*d + 9156. Calculate l(27).
1920
Let a(u) = -4*u**3 + 85*u**2 - 302*u + 5560. Determine a(21).
-341
Let t(a) = -43*a**2 - 29807*a - 35321. Determine t(-692).
-29
Let q(c) = 94*c + 5458. Determine q(-55).
288
Let j(i) = 57*i**3 - 7*i**2 - 81*i + 13. Give j(5).
6558
Let n(i) = 1138*i - 331241. Determine n(291).
-83
Let y(t) = 46347*t + 417266. Give y(-9).
143
Let a(h) = -4*h**3 - 698*h**2 - 1033*h + 761. Calculate a(-173).
-104
Let v(j) = 2*j*